 -3*d + 509 - 14 = 0. Let u = d - 139. What is the remainder when 153 is divided by u?
23
Suppose -32213 = -19*j + 28910. What is the remainder when j is divided by 87?
85
Let i(m) = 2*m**3 - 9*m**2 + 2*m - 2. Let n(z) = -10*z + 42. Let l be n(5). Calculate the remainder when i(6) is divided by 1260/112*l/(-3).
28
Let l(p) = -p - 1. Let z(s) = s**2 - 2*s + 1. Let q be -5 + 5/10*-2. Let c(u) = q*l(u) + z(u). Calculate the remainder when c(-4) is divided by 2.
1
Let k be ((3/2)/(-3))/(55/(-330)). Suppose -3*n = b - 39, -5*n + k*b = -3*n - 26. Suppose n*o - 7*o - 186 = 0. What is the remainder when o is divided by 16?
15
Suppose 20643 + 19918 = 226*q - 24753. Calculate the remainder when q is divided by 146.
143
Let n = 954 + -571. Calculate the remainder when n is divided by 30.
23
Calculate the remainder when 197 is divided by 81 + 24/18 + (-247)/39.
45
Calculate the remainder when (12/18)/((-10)/(-3) - (18 + -15)) is divided by (5 + 0)*4/5 - 2.
0
Let l be 0 + 5*(-4 + 3). Let s = 41 - l. Let k(b) = -2*b**3 - 8*b**2 + 7*b - 16. Calculate the remainder when k(-7) is divided by s.
45
Suppose 1249*n - 1283*n = -272. Calculate the remainder when 100 is divided by n.
4
Let b = 174 + -169. What is the remainder when (-3 + b/2)*4 + 63 is divided by 17?
10
Let s(k) = -4*k**3 - 3*k**2 - 12*k - 10. Let f be s(-5). Let b = -60 + f. Calculate the remainder when b is divided by 105.
100
Let k(z) = -97*z**3 - z**2 + 121*z + 239. Calculate the remainder when k(-2) is divided by 284.
201
Suppose -5*n = -11 + 1. Suppose -3*q + 3 = x - 24, q = 5*x - 71. Calculate the remainder when x is divided by (-26)/(-3) + n/(-3).
7
Let s = -8 - -8. Suppose -2*v + 95 = 5*c, -4*v + 115 = -5*c - s*c. Suppose -24 = -q - 25, -4*q + 197 = 3*l. Calculate the remainder when l is divided by v.
32
Suppose -221*d = -203*d - 576. What is the remainder when 311 is divided by d?
23
Suppose 4074 - 9662 - 15526 = -207*m. Calculate the remainder when 15603 is divided by m.
99
Suppose 0 = -198*a + 170*a + 392. What is the remainder when 34 is divided by a?
6
Let u be (-51)/(-6) + -9 - (-11)/2. Suppose 2*o - 243 = -r, -2*o - u*r + 213 = -10*r. What is the remainder when o is divided by 5?
4
Let a = -21274 - -21675. What is the remainder when a is divided by 320?
81
Let t(h) = -h**2 - 12*h - 22. Let i be t(-9). Suppose m + 157 = -0*r - r, -2*r + i*m = 314. Let y = 289 + r. What is the remainder when y is divided by 27?
24
Suppose 2*h + 31*p - 33*p - 1852 = 0, -3*h + 5*p + 2776 = 0. Let c = 967 - h. Calculate the remainder when 65 is divided by c.
25
Suppose 436*y - 58656 = 358*y. What is the remainder when y is divided by 161?
108
Suppose 0 = -v + 3*r - 6*r - 10, -v + 5*r + 6 = 0. Let p = 0 - v. Suppose i - p = 2*i, 5*i = -4*c + 196. Calculate the remainder when c is divided by 29.
25
Let b = 101 - 99. Suppose 150 = -8*r - b*r. What is the remainder when r/(((-3)/6 - -1)/(-1)) is divided by 8?
6
Let h be (-3 - (-5 + 1))*-59. Suppose -s + 206 = -3*v, v + 68 = 4*s + 3. Let u = h - v. What is the remainder when 29 is divided by u?
9
What is the remainder when 294 is divided by 555/(-4)*904/(-565)?
72
Calculate the remainder when 1340 is divided by -6 + (-1595)/(-35) - (32/56 - 0).
14
Let c(p) = -p**3 - 24*p**2 - 6*p + 14. Let z = -147 - -123. Calculate the remainder when c(z) is divided by 32.
30
Suppose -2*a = -s - 144, 1 = 18*a - 17*a. Let k = 173 + s. Suppose 0 = -3*j + 57 + 12. What is the remainder when k is divided by j?
8
Let i = 107 + -64. Suppose -4*d = 11 - i. Let t(j) = 7*j**2 + 4*j - 8. What is the remainder when t(2) is divided by d?
4
Let r(s) = -2*s**2 - 6*s + 26. Let f be r(-5). Suppose -f*v + 46 + 44 = 0. What is the remainder when 40 is divided by v?
10
Let p = 15530 + -15304. Calculate the remainder when p is divided by 184.
42
Let s be 0 - ((-100)/4 - 3). Let y be (-7 - -5) + s/1. Let c = y + 7. What is the remainder when 65 is divided by c?
32
Let q = 72 - 322. Let s = 294 + q. Calculate the remainder when 525 is divided by s.
41
Suppose 10694 + 48136 = 174*x + 11*x. Calculate the remainder when x is divided by (-2)/(-1*(-2)/(-64)).
62
Suppose -153*x + 17279 + 4600 = 0. What is the remainder when 3284 is divided by x?
138
Let v(p) = -p**3 + 49*p**2 - 451*p + 333. Calculate the remainder when 311 is divided by v(37).
15
Let o(t) be the second derivative of -t**4/12 - 2*t**3 - 9*t**2 + 17*t. Let w be o(-10). Calculate the remainder when 12/w*52/8 is divided by 8.
7
Let v be (7/14)/(74/24 + -3). Suppose 20*j - 560 = v*j. What is the remainder when 437 is divided by j?
37
Let u(p) = -34*p**3 - 3*p**2 - 18*p - 27. Calculate the remainder when u(-2) is divided by 46.
39
Suppose 2*c + 3*h = 10, 53*h - 2 = 54*h. What is the remainder when 59 is divided by c?
3
Suppose 2*f - 2164 = -y, 24*y - 23*y = -f + 2162. What is the remainder when y is divided by 243?
216
Let g = 2126 - 2090. Calculate the remainder when 857 is divided by g.
29
Let j = 50 - 52. Let x be (0 + j/(-4))*128/4. Let s = x - -29. What is the remainder when s is divided by 16?
13
Let b(a) = -20*a**2 + 499*a + 121. What is the remainder when b(25) is divided by 21 + 0 + -1 + 1?
12
Let m be 57/2 - (-11)/(-22). Suppose j + 2*j = 81. What is the remainder when j is divided by (m/4)/((0 - -1)/1)?
6
Suppose -2*g - 1 = 2*l + 3, -l = -4. Let p(o) = 2*o**2 + 7*o + 9. Let r(s) = 9*s + 68. What is the remainder when r(14) is divided by p(g)?
38
Suppose -14*a = -213 - 109. Suppose 0 = a*g - 20*g - 60. What is the remainder when 37 is divided by g?
17
Calculate the remainder when 111 - (-9)/((-108)/228) is divided by 26.
14
Let x(o) = 3*o**2 - 7*o + 17. Let v be x(9). Let m = v - 8. Calculate the remainder when m is divided by 19.
18
Let w be (-10)/(-6) + (-1)/(-3). Suppose 0*x = -w*x + 6. Let u = 549161 + -549155. Calculate the remainder when u is divided by x.
0
Let a(b) = 6*b + 175. Let u be a(-25). Let k(n) = -21 - 2*n**3 + 24*n**2 - 6*n - 18 + 35*n + n**3. Calculate the remainder when k(u) is divided by 13.
9
Suppose 4*q = -3*f + 34, 4*q + 89*f - 28 = 85*f. What is the remainder when 3298 is divided by q?
9
Suppose 29*o + 81*o - 59*o = 51. Calculate the remainder when 4/8*(1 - -1) is divided by o.
0
Let d(k) = 4*k + 45. Let z be d(-9). Let v(n) = n - 5. Let t be v(z). Suppose 0 = 4*g - 8, -x + 0*g + 76 = t*g. Calculate the remainder when x is divided by 23.
22
Let q(d) = d**3 + 37*d**2 + 153*d - 58. What is the remainder when 1168 is divided by q(-32)?
6
Calculate the remainder when (-16)/(-2) + (-2060)/(-4) is divided by (-446)/(-6) + (-14)/(-21).
73
Let d be (1/2)/((-804)/(-200) - 4). Suppose 6*u + 4*i - 2 = 5*u, 2*i - 10 = -2*u. Let j = d + u. What is the remainder when j is divided by 11?
9
Let y(u) = 3*u - 333. Calculate the remainder when 3258/14 + 2/7 is divided by y(117).
17
Let q = -658 + 2740. What is the remainder when q is divided by 149?
145
What is the remainder when 243 is divided by ((-10)/(-35))/((-15)/(-3990))?
15
Let z(l) = -2858*l - 1074. Calculate the remainder when z(-2) is divided by 172.
170
Let b = -40 - -40. Suppose b*m + 2*m = 0. Suppose m = 2*o - 29 - 15. Calculate the remainder when 129 is divided by o.
19
Let a = -414 - -1952. Suppose 0 = -r + 37*z - 32*z + 490, 3*r - a = -2*z. Calculate the remainder when r is divided by 19.
16
Let y be (5 + 4)/(99/22). Suppose -y*n + 3*n - 124 = 3*b, -4*n = -4*b - 504. What is the remainder when n is divided by 54?
19
Suppose -5*l = 2*n - 77, 2*n - 74 = 2*l - 4*l. Suppose 21*u - 72 = 13*u. Suppose -u*d + 56 = -16. Calculate the remainder when n is divided by d.
4
Let k = -704 - -707. Suppose k*h = -z + 2*z + 251, 0 = -z + 4. Calculate the remainder when h is divided by 37.
11
Calculate the remainder when (48198/(-56))/(261/(-464)) - 10/105 is divided by 139.
1
Let m = 55 + -51. Suppose -2*r + d - 3*d + 96 = 0, -3*r + 141 = m*d. What is the remainder when 151 is divided by r?
49
Let k(h) = 13 - 4 - h**2 - 13*h + 4*h + 6. Let w(g) = -g**3 + 7*g**2 - 4*g + 2. Calculate the remainder when k(-8) is divided by w(6).
9
Let d = 0 + 4. What is the remainder when 3 + 59 - (d + 0) is divided by (-3)/(-12) - ((-5260)/400 - (-2)/5)?
6
Suppose 0 = x - 5*r + 2, 102 = -49*x + 54*x + 3*r. What is the remainder when 888 is divided by x?
6
Let f(w) = -2*w + 15. Let t be f(6). S